. What is the highest common divisor of 13771 and j?
47
Suppose 5*w + 37 = c + 8*w, -4*w - 20 = -3*c. Calculate the highest common factor of c and 18144.
16
Let t be 4/(-6)*-6*4/4. Suppose -t*o - 1298 - 1296 = 2*h, 0 = 2*h - 6. Let w be o/(-39)*(-18)/(-4). Calculate the highest common divisor of 15 and w.
15
Let p = -1011 + 2380. What is the highest common factor of p and 37?
37
Let t = 13 - -46. Let g = t + -39. What is the highest common divisor of 220 and g?
20
Suppose -5*f = -39*c + 44*c - 540, 0 = 5*c - 2*f - 491. Calculate the highest common divisor of c and 1.
1
Let l be (9 - 24)*4372/18*195/(-10). What is the highest common factor of 65 and l?
65
Let y = 11490 + -11487. Calculate the greatest common divisor of y and 6255.
3
Let p = -565 - -570. Suppose -4*b - 5 - 75 = -3*q, -135 = -5*q + p*b. What is the highest common factor of 4 and q?
4
Let g be (4 - 61)*(1/3)/(-1). Let d = 34 - g. Let b(u) = -u**3 + 14*u**2 + 20*u - 37. Let q be b(d). What is the greatest common factor of 57 and q?
19
Suppose 2*h = -f - 7, -2*f - 2*h + 7 - 11 = 0. What is the greatest common divisor of 44 and f?
1
Suppose 0 = 155*p - 8224 + 3259 - 3715. Calculate the greatest common divisor of p and 3052.
28
Let s be 27 + (-7 - (-29 - -13)). What is the highest common factor of 909 and s?
9
Suppose -34*r + 10*r + 6656 = 2*r. Calculate the highest common factor of r and 1072.
16
Let h(f) = -f**3 + 11*f**2 - 2*f - 118. Let p be h(-10). What is the highest common factor of p and 66?
22
Let i be (-684)/(-48) - (-2)/(-8). Suppose 4*b = i + 6. Suppose -22 = b*x - 7*x. What is the highest common factor of x and 33?
11
Let u = -129 - -192. Let c(h) = -31865*h + 63748. Let t be c(2). What is the highest common factor of t and u?
9
Let q be 4/10*15/3. Let h be -1*(-24)/(4/q). Let y(x) = -x**3 - 36*x**2 - 302*x - 63. Let f be y(-23). Calculate the greatest common factor of h and f.
6
Suppose -695 - 460 = -7*p. Let w = -115 + p. What is the highest common divisor of 175 and w?
25
Let f(z) = 3*z**2 - 7*z - 11. Let u(s) = -s**2 - 2*s + 30. Let d be u(-7). Let q be f(d). What is the highest common factor of q and 22?
11
Let i(q) = 164*q - 4222. Let h be i(26). Calculate the highest common factor of h and 5376.
42
Let y be (-46)/(-14) + (-4)/14. Suppose y*a + 26 = 320. Let c = 5 - -9. Calculate the highest common divisor of a and c.
14
Let d be 1 - (4 + (-3)/1). Suppose 2*c + 4*f + 49 = -25, d = -5*c - 2*f - 185. Let t = c + 53. Calculate the greatest common divisor of t and 2.
2
Let a = 4110 - 4090. What is the greatest common factor of a and 5780?
20
Let s = 1607 + -1576. Let r = -3 + 4. What is the highest common factor of s and r?
1
Suppose 52*s + 240 = 22*s. Let x(v) = 3*v**2 + 23*v - 2. Let z be x(s). What is the highest common divisor of z and 34?
2
Let d = -17614 + 17632. What is the highest common factor of 3798 and d?
18
Let j be (-3626)/(-21)*21/2. Suppose 84*k - j = 77*k. Let c be (-224)/(-6) - (-2)/(-6). Calculate the highest common divisor of c and k.
37
Let z be 8/(-4) - (56 - 62). Suppose -p + k + 22 = 0, -k - 56 = -2*p + 4*k. What is the greatest common factor of p and z?
2
Suppose p - 5*l = -2, 4*p - 11 = 3*l - 2*l. Suppose 2*t - 143 = -p*w, -w - 3*t = 2*t - 52. Suppose 183 = c + w. What is the highest common divisor of 8 and c?
8
Let f = 6456 + -6446. Calculate the greatest common factor of 1510 and f.
10
Let y be (-168)/(-4) + (-3)/6*-8. Let n be (4 + y)*(-6)/(-1). What is the greatest common factor of n and 12?
12
Suppose 3*y = 4*t + y + 88, 5*t + 116 = y. Let q be (-1)/1 - -3*(-40)/t. What is the highest common factor of q and 3?
1
Let q(k) = k**2 - 74*k + 28. Let l(h) = -2*h**2 + 73*h - 27. Let w(v) = -4*l(v) - 3*q(v). Let a be w(14). What is the greatest common factor of a and 12?
12
Suppose 0 = o + o - 5*w - 1332, 0 = -2*o - w + 1332. Suppose -j + o - 280 = 0. Let l = -276 + j. What is the greatest common divisor of l and 44?
22
Let z(q) = q**3 + 28*q**2 - 35*q + 4. Let t be z(4). What is the highest common divisor of 470 and t?
94
Let o = -6206 - -8471. What is the greatest common divisor of 10 and o?
5
Suppose 0 = 16*l + 61*l - 28875. What is the greatest common divisor of 90 and l?
15
Let z(v) be the first derivative of 2*v**3/3 + 9*v**2/2 - 8*v - 14. Let f be z(-5). Let k = 23 + f. Calculate the greatest common factor of k and 60.
20
Suppose 57*q - 134379 = -22*q. What is the greatest common factor of q and 504?
63
Let p(h) = h - 3. Let b be p(9). Let r be (-2 + 4)/(-6)*0. Suppose 4*i - 2*t - 53 = i, -3*i - t + 41 = r. What is the greatest common divisor of b and i?
3
Let u = -914 - -991. Calculate the highest common divisor of 2794 and u.
11
Let a be (4 + -5)/(1/(-412)). Suppose 12*r - 1616 - a = 0. Calculate the greatest common factor of 13 and r.
13
Let q(o) be the second derivative of -83*o**5/20 - o**4/3 + o**3/3 + o**2 + 102*o. Let x be q(-2). What is the greatest common factor of x and 17?
17
Let c(j) = -38*j + 488. Let p be c(12). Calculate the greatest common factor of p and 2328.
8
Suppose -324 + 388 = 4*h. Calculate the highest common factor of h and 752.
16
Let i(p) = 52*p**2 + 194*p - 2. Let o be i(-4). Calculate the highest common divisor of 2 and o.
2
Suppose 0 = 131*a - 76021 - 86943. Calculate the greatest common divisor of a and 20.
4
Suppose 205784 + 633374 - 200248 = 31*c. What is the greatest common divisor of c and 10?
10
Let a = -11465 - -11715. Calculate the highest common divisor of a and 50.
50
Let m = -33 - -37. Suppose -m*v = -1691 - 2533. Let y be (-6)/(-4)*v/18. Calculate the greatest common factor of y and 44.
44
Let z = -303 + 313. Suppose -z*f = 10*f - 20. Calculate the greatest common factor of 58 and f.
1
Let i be (81/(-7))/((-13)/455). What is the highest common factor of i and 3510?
135
Let i(z) = -z**2 - 15*z - 46. Let h be i(-5). Let g(r) = -10*r - 7 + 5 + 6*r**3 + 10 + 3*r**2. Let j be g(h). Calculate the highest common factor of 50 and j.
50
Suppose -2*p = 86*g - 88*g - 114, 5*p - 285 = -4*g. Calculate the greatest common factor of 33 and p.
3
Let t be -19 + (68 - (7 + 15)). What is the greatest common divisor of 33993 and t?
27
Suppose 23*g + 26*g = 3087. Calculate the greatest common divisor of 147 and g.
21
Let g be 2/(-6)*660/(-20) + -6. Calculate the greatest common factor of 13850 and g.
5
Let f be (-9)/(-2)*(-56)/(-6). Let z(k) = -k**3 - 5*k**2 + 10*k - 20. Let y be z(-7). Let w be 304/y + (6 - 6/3). What is the highest common divisor of w and f?
42
Let y(s) = s**3 - 14*s**2 + 14*s - 9. Let d be y(13). Let g be (124/d)/(6 - 174/30). Calculate the highest common divisor of 124 and g.
31
Suppose 3*a = -21 + 12, 0 = 5*q + 3*a + 1109. Let y = 222 + q. Calculate the greatest common divisor of 38 and y.
2
Let v = -216 + 16. Let p be (-154)/(-49) + (-3)/21 - v. Calculate the highest common factor of p and 7.
7
Suppose -31*p + 2014 + 753 = -457. Calculate the greatest common divisor of 325 and p.
13
Let s be (10 - (16 - 6)) + (2048 - -4). Calculate the greatest common divisor of s and 756.
108
Let o(b) = b**2 + 9*b + 17. Let j be o(-8). Suppose j*f - 399 - 357 = 0. What is the greatest common factor of 24 and f?
12
Suppose -460 = -2*a + 2328. Let z = -24911 - -24945. What is the greatest common factor of a and z?
34
Let s be (-3 + -4 - 0)/((-5)/18625). Calculate the greatest common factor of s and 7.
7
Let m(v) = -v**3 - 16*v**2 + v + 25. Let q be m(-16). Calculate the greatest common factor of 4599 and q.
9
Let f be 152 - (9/45)/(2/60). What is the highest common factor of 17009 and f?
73
Let o(l) = -l**3 + 3*l**2 + 7*l - 3. Let r be o(3). Let c be 1072/r + (-120)/(-270). Calculate the highest common factor of c and 40.
20
Suppose -168 = -3*n + r, 5*r - 73 = -5*n + 207. Suppose 2*m - 442 = 342. Calculate the greatest common divisor of n and m.
56
Let v = 123 + -87. Suppose v = 5*y - 24. Let w = -4 + y. Calculate the highest common factor of 2 and w.
2
Let o(p) = -p**3 - 10*p**2 + 181*p - 16. Let u be o(-20). Calculate the highest common factor of u and 130.
26
Let a(m) = -25*m**3 - 473*m**2 + 34*m - 64. Let s be a(-19). Calculate the highest common divisor of s and 9.
3
Suppose 0 = -14*s + 959 - 119. Suppose -s = -670*c + 664*c. What is the highest common factor of c and 50?
10
Let y = -2 - -14. Let h(f) = 